{"id":125,"date":"2022-12-18T18:17:19","date_gmt":"2022-12-18T17:17:19","guid":{"rendered":"http:\/\/iseramat.org\/wp\/?page_id=125"},"modified":"2025-11-10T09:43:32","modified_gmt":"2025-11-10T08:43:32","slug":"le-radio-club","status":"publish","type":"page","link":"https:\/\/iseramat.org\/?page_id=125","title":{"rendered":"Le Radio Club"},"content":{"rendered":"\n<h2 class=\"wp-block-heading\">Horaire du radioclub <\/h2>\n\n\n\n<p class=\"has-medium-font-size\">Notre radio club vous accueille :<br>Mardi : 14h00 \u00e0 17h00<br>Vendredi : 20h30 \u00e0 23h00<br>Samedi : 14h00 \u00e0 18h00<\/p>\n\n\n\n<hr class=\"wp-block-separator has-alpha-channel-opacity\"\/>\n\n\n\n<h2 class=\"wp-block-heading has-medium-font-size\"><\/h2>\n\n\n\n<p><\/p>\n","protected":false},"excerpt":{"rendered":"<p>Horaire du radioclub Notre radio club vous accueille :Mardi : 14h00 \u00e0 17h00Vendredi : 20h30 \u00e0 23h00Samedi : 14h00 \u00e0 18h00<\/p>\n","protected":false},"author":2,"featured_media":0,"parent":0,"menu_order":2,"comment_status":"closed","ping_status":"closed","template":"template-fullwidth.php","meta":{"ngg_post_thumbnail":0,"footnotes":""},"class_list":["post-125","page","type-page","status-publish","hentry"],"_links":{"self":[{"href":"https:\/\/iseramat.org\/index.php?rest_route=\/wp\/v2\/pages\/125","targetHints":{"allow":["GET"]}}],"collection":[{"href":"https:\/\/iseramat.org\/index.php?rest_route=\/wp\/v2\/pages"}],"about":[{"href":"https:\/\/iseramat.org\/index.php?rest_route=\/wp\/v2\/types\/page"}],"author":[{"embeddable":true,"href":"https:\/\/iseramat.org\/index.php?rest_route=\/wp\/v2\/users\/2"}],"replies":[{"embeddable":true,"href":"https:\/\/iseramat.org\/index.php?rest_route=%2Fwp%2Fv2%2Fcomments&post=125"}],"version-history":[{"count":40,"href":"https:\/\/iseramat.org\/index.php?rest_route=\/wp\/v2\/pages\/125\/revisions"}],"predecessor-version":[{"id":955,"href":"https:\/\/iseramat.org\/index.php?rest_route=\/wp\/v2\/pages\/125\/revisions\/955"}],"wp:attachment":[{"href":"https:\/\/iseramat.org\/index.php?rest_route=%2Fwp%2Fv2%2Fmedia&parent=125"}],"curies":[{"name":"wp","href":"https:\/\/api.w.org\/{rel}","templated":true}]}}